9 composite?
False
Is 44728507 prime?
True
Is 72679319 composite?
False
Is 753218321 a prime number?
True
Is 2375911 composite?
True
Is 18494491 a prime number?
False
Is 66164711 prime?
False
Is 8242877 a prime number?
True
Is 29681831 a composite number?
True
Is 1070606 a composite number?
True
Is 210083803 a prime number?
True
Is 11385991 prime?
True
Is 181711435 composite?
True
Is 1766315 composite?
True
Is 8646437 a prime number?
False
Is 58427123 a composite number?
True
Is 437254 composite?
True
Is 88631 a prime number?
False
Is 116658253 prime?
True
Is 10070293 a composite number?
False
Is 19007693 prime?
False
Is 30457577 a composite number?
True
Is 2358085 prime?
False
Is 36985534 prime?
False
Is 2661649 a composite number?
True
Is 156480619 a prime number?
True
Is 4683379 a composite number?
True
Is 981091 composite?
False
Is 1275107 prime?
True
Is 45402249 composite?
True
Is 2059777 prime?
True
Is 23348809 a prime number?
False
Is 22600627 a prime number?
False
Is 3426277 prime?
True
Is 22920881 prime?
True
Is 74902143 composite?
True
Is 637215482 a prime number?
False
Is 48013331 prime?
True
Is 444214 composite?
True
Is 3802027 a prime number?
True
Is 339019 a prime number?
False
Is 191795243 prime?
False
Is 6560327 composite?
False
Is 647081 composite?
False
Is 1249027 composite?
True
Is 34231507 composite?
False
Is 30920259 composite?
True
Is 39873479 composite?
False
Is 595681 a composite number?
True
Is 349630529 composite?
False
Is 2593831 a prime number?
False
Is 3537899 prime?
True
Is 26132291 prime?
True
Is 145951727 a composite number?
True
Is 14447533 a prime number?
True
Is 48163657 prime?
True
Is 11635517 a prime number?
True
Is 18151285 a prime number?
False
Is 1034673689 a prime number?
False
Is 8082911 composite?
False
Is 8964251 a prime number?
True
Is 331553279 a composite number?
True
Is 1827389 a composite number?
False
Is 174748229 composite?
True
Is 2293631 a composite number?
False
Is 335841977 a prime number?
False
Is 550717 a prime number?
True
Is 26682053 a prime number?
False
Is 9045601 composite?
True
Is 289322219 prime?
True
Is 90035755 a prime number?
False
Is 34333561 prime?
False
Is 288749647 a prime number?
False
Is 3302081 a composite number?
False
Is 1656289 prime?
False
Is 2337199 composite?
True
Is 54169849 a prime number?
True
Is 2268103 prime?
True
Is 66865379 a composite number?
True
Is 2759453 prime?
True
Is 13247279 prime?
False
Is 59557463 composite?
True
Is 3698411 a prime number?
False
Is 7024223 a prime number?
False
Is 12961481 composite?
True
Is 179902997 prime?
True
Is 30790027 a composite number?
False
Is 15854309 a composite number?
False
Is 94279 composite?
True
Is 147097505 composite?
True
Is 10312021 a prime number?
True
Is 491942897 a prime number?
True
Is 195189031 prime?
True
Is 877531 prime?
True
Is 1143726923 composite?
False
Is 153999665 a composite number?
True
Is 102734147 a composite number?
True
Is 187832549 prime?
False
Is 529307 a composite number?
False
Is 30887237 a composite number?
False
Is 102353593 a prime number?
True
Is 1135909 a prime number?
False
Is 84725221 a prime number?
False
Is 13281001 composite?
False
Is 23468909 a composite number?
False
Is 27460523 a composite number?
False
Is 15486347 a prime number?
True
Is 6653299 prime?
True
Is 59727617 prime?
False
Is 4724966 a composite number?
True
Is 36549301 a composite number?
False
Is 46166437 composite?
True
Is 50639315 composite?
True
Is 20604193 prime?
False
Is 1110167 a prime number?
True
Is 252462527 prime?
True
Is 4026287 a prime number?
True
Is 1459357 a prime number?
False
Is 108948083 composite?
False
Is 294356311 a composite number?
False
Is 205401709 composite?
False
Is 5716159 composite?
True
Is 470408674 a composite number?
True
Is 491899 composite?
False
Is 238040657 prime?
True
Is 435264377 a prime number?
True
Is 5903603 composite?
False
Is 3344255 a prime number?
False
Is 18500827 a prime number?
True
Is 36416357 prime?
True
Is 1468177 prime?
False
Is 962201 a prime number?
False
Is 37064849 prime?
False
Is 3390479 a composite number?
False
Is 2661809 a composite number?
True
Is 93297097 composite?
False
Is 11614873 a prime number?
True
Is 6104119 prime?
False
Is 4680157 a composite number?
True
Is 170943139 prime?
False
Is 41138029 prime?
True
Is 48323029 prime?
True
Is 250324591 prime?
False
Is 975703 a composite number?
True
Is 8509573 a composite number?
False
Is 258691909 prime?
False
Is 63118307 composite?
True
Is 153402905 composite?
True
Is 2105107 a prime number?
False
Is 97115363 prime?
True
Is 2026957 a composite number?
False
Is 118721959 a prime number?
False
Is 5005331 prime?
False
Is 432529 a composite number?
True
Is 1508487 a composite number?
True
Is 2009069 prime?
True
Is 17550271 a composite number?
False
Is 6097121 prime?
True
Is 2177281 composite?
False
Is 396473377 a prime number?
False
Is 885449 a prime number?
True
Is 44948021 prime?
True
Is 66291591 a prime number?
False
Is 102038449 prime?
True
Is 11055887 a prime number?
True
Is 21441989 a prime number?
True
Is 7705409 a prime number?
True
Is 8626357 a composite number?
True
Is 63257813 a prime number?
True
Is 38400319 prime?
True
Is 575315647 composite?
False
Is 15163903 a prime number?
True
Is 4404197 a composite number?
True
Is 4569769 a prime number?
True
Is 261094 composite?
True
Is 9813127 prime?
True
Is 1814909 prime?
True
Is 27374261 composite?
False
Is 6560209 composite?
True
Is 344756705 a composite number?
True
Is 65743661 a prime number?
False
Is 7492399 prime?
False
Is 80957915 prime?
False
Is 18655159 composite?
False
Is 738811 prime?
True
Is 12798053 a composite number?
True
Is 2708169 a composite number?
True
Is 45607489 a prime number?
False
Is 3822683 composite?
False
Is 90126067 a composite number?
False
Is 4224719 prime?
True
Is 147044227 composite?
True
Is 1755055 a composite number?
True
Is 6778691 prime?
True
Is 40712809 a composite number?
False
Is 43567207 a prime number?
True
Is 429083 a composite number?
False
Is 56839193 composite?
False
Is 376727233 a prime number?
False
Is 20399479 prime?
True
Is 244889 a composite number?
False
Is 2719579 a prime number?
False
Is 106801 a prime number?
True
Is 1054864037 a prime number?
True
Is 142319449 a prime number?
True
Is 26510159 a prime number?
False
Is 63089269 a composite number?
True
Is 3875671 a prime number?
True
Is 1230259 composite?
True
Is 253229 composite?
False
Is 188881249 a prime number?
True
Is 2078753 composite?
False
Is 200332835 a composite number?
True
Is 2662981 a composite number?
False
Is 61149331 a prime number?
False
Is 497681257 composite?
False
Is 38744942 a composite number?
True
Is 3169643 prime?
True
Is 32694747 composite?
True
Is 4872853 composite?
False
Is 27767559 a composite number?
True
Is 45201029 prime?
False
Is 24020759 composite?
True
Is 2108291 a composite number?
False
Is 17077 composite?
False
Is 29875589 a composite number?
True
Is 24523 prime?
False
Is 318149383 prime?
False
Is 2362991 a prime number?
False
Is 9795389 prime?
False
Is 746298935 composite?
True
Is 10593571 prime?
False
Is 98203 prime?
False
Is 165881729 a prime number?
False
Is 3797087 a composite number?
True
Is 278919947 prime?
True
Is 16692959 prime?
True
Is 656483 prime?
True
Is 115043 a prime number?
False
Is 15352833 a prime number?
False
Is 483017 composite?
False
Is 4308977 a composite number?
True
Is 6596231 prime?
True
Is 379948943 a prime number?
False
Is 79506907 prime?
True
Is 6703259 a prime number?
False
Is 438395219 a prime number?
True
Is 67367809 a composite number?
True
Is 34328701 composite?
True
Is 807124477 a prime number?
True
Is 474287 a composite number?
True
Is 62499273 a composite number?
True
Is 15627341 composite?
False
Is 75809299 a composite number?
False
Is 1152329 a composite number?
True
Is 618509 a prime number?
True
Is 3393347 prime?
True
Is 13433671 a composite number?
False
Is 1733659 a prime number?
True
Is 10120829 prime?
True
Is 24933603 composite?
True
Is 1723541 composite?
False
Is 10856741 a composite number?
True
Is 685969 prime?
True
Is 51561277 a composite number?
True
Is 201550901 a prime number?
True
Is 14566543 a composite number?
False
Is 86843363 a composite number?
False
Is 23